 - 10. Let v be h(4). Calculate the greatest common factor of v and 6.
6
Suppose -5 - 43 = -g. Let x = 227 - 107. Calculate the highest common factor of x and g.
24
Let k = 31 + 1. Suppose -g = -0*g - k. Let o = 64 + -16. Calculate the greatest common divisor of g and o.
16
Suppose -38 - 457 = -11*z. Suppose 30 = -5*o + 180. What is the greatest common factor of z and o?
15
Let a(p) = -p**3 - 12*p**2 + 14*p + 25. Let k = -107 - -94. Let o be a(k). Calculate the highest common factor of o and 48.
12
Let b(r) = 14*r**3 - r**2 - 2*r + 4. Let i be b(2). Let x = -30 + i. What is the highest common divisor of 6 and x?
6
Suppose 5*o - 13 = 17. Suppose 7*s + 0*s = 42. Calculate the highest common divisor of o and s.
6
Suppose 0 = -4*q + 12, 5*q = -c - c + 129. Let v = 93 - c. What is the greatest common divisor of 90 and v?
18
Suppose -5*r + 185 = -0*r. Let i = 75 + r. Suppose -5*g + 6*g = i. Calculate the highest common factor of g and 14.
14
Suppose 3*c + 1 = -0*c - 2*m, 2*m = -4*c - 4. Let n(u) = 1 - 2 + u + 8. Let v be n(c). Calculate the highest common divisor of 8 and v.
4
Let l(y) = 8*y**3 + 2*y + 1. Let s be l(-1). Let b = s - -15. Suppose 24 = 2*g - 4*n - 32, 4*g - 5*n = 97. Calculate the highest common factor of g and b.
6
Let y = -10 + 10. Suppose h - 16 = -y*h. Calculate the highest common factor of 64 and h.
16
Let w(g) = -2*g - 16. Let h be w(-11). Suppose h = -5*v + 31, -4*v = -5*n. Calculate the greatest common factor of n and 44.
4
Let a(m) = -25*m**3 + m**2 + m + 1. Let g be a(-1). Suppose -g*p = -23*p - 51. Calculate the highest common divisor of p and 85.
17
Let l = -5 + 8. Let f be (16/(-20))/((-2)/15). Suppose -f*p = -l*p - 240. Calculate the highest common factor of p and 16.
16
Let w be 2/(-4) + (-7)/(-14). Suppose -a + 48 = 2*a. Let b be (-3)/(-1) + w + a. What is the greatest common factor of b and 19?
19
Let y(r) = 14*r + 5. Let p be y(6). Let k = p + -51. Let a be 2/2*57/1. What is the highest common factor of a and k?
19
Suppose 0 = 4*h - l - 372 - 188, -5*l = -3*h + 420. What is the greatest common divisor of h and 14?
14
Let b(p) = 11*p + 131. Let f be b(29). Calculate the highest common factor of 6 and f.
6
Let x(i) = i**2 + i - 52. Let m be x(-14). What is the highest common divisor of m and 104?
26
Suppose -18*w = -14*w - 12, -3*t + 3060 = 3*w. What is the greatest common divisor of 18 and t?
9
Let l = 282 + 454. What is the highest common divisor of 23 and l?
23
Let u be (4 - 0) + 0/9. Suppose -u*t = -5*d + 1, d - 4 = t - 4*t. Let w be (8*d)/(9 + -7). Calculate the highest common factor of 44 and w.
4
Let p = -84 - -96. Let m(t) = -t**3 + 12*t**2 + 14. Let x be m(p). Calculate the highest common factor of x and 2.
2
Suppose m + 0*m = -4*s + 501, 0 = -5*s + 2*m + 610. Let i = -54 - -85. Calculate the highest common divisor of i and s.
31
Let r(h) = -h**2 + 43*h - 297. Let a be r(34). What is the greatest common factor of 261 and a?
9
Let m(s) be the first derivative of -s**3/3 - 2*s**2 - 3*s - 6. Let o be m(-4). Let h be ((-54)/(-4))/(o/(-6)). What is the greatest common divisor of h and 3?
3
Let t = -48 - -45. Let g(y) = -2*y**3 - y**2 - 6. Let r be g(t). What is the greatest common divisor of 65 and r?
13
Let p = 577 + -568. Let g = 106 + -43. Calculate the greatest common factor of g and p.
9
Let g be (-236)/(-28) - (-15)/(-35). Suppose 3*z - 3 = 3. Let w = z + 6. What is the highest common factor of g and w?
8
Suppose -3*n - 408 = -6*n. Let u = 3773 - 3756. What is the greatest common factor of n and u?
17
Suppose -4*j + 155 = 75. What is the greatest common factor of j and 220?
20
Let t = 25 + -13. Let l be (-30)/12 + 11713/106. What is the highest common divisor of t and l?
12
Let u(j) = -j**2 + 12*j - 15. Let b(s) = -s - 1. Let v(p) = -3*b(p) - u(p). Let a = 1049 - 1040. Let y be v(a). What is the highest common divisor of y and 198?
18
Let b = -519 - -533. What is the highest common factor of b and 980?
14
Let r = 766 - 439. Suppose -278 = -5*a + r. Calculate the greatest common divisor of 11 and a.
11
Suppose -n + 7 = 3*g, 3*g - 11 = n - 6*n. Let s(m) = 44*m**2 - m + 1. Let u be s(n). What is the greatest common factor of 11 and u?
11
Let w(u) = -u**2 + 3*u - 2. Let g be w(2). Suppose -m + 2*n = -5, g = 3*m - 2*n + n - 15. Suppose m = 2*f - 25. What is the highest common divisor of f and 120?
15
Suppose -7*s + 137 = -45. Suppose 7*d - s = 2. Calculate the highest common factor of d and 44.
4
Let o = 50 + -80. Let g be ((-9)/(-5))/((-3)/o). What is the highest common divisor of 198 and g?
18
Suppose 2*s + 82 = -0*s. Let b = 11 + 4. Let o = b - s. Calculate the highest common divisor of 7 and o.
7
Suppose -23 = -2*u - 5*d, -5*d + 4*d + 1 = 0. Let w(y) = -4*y**2 - y + 4. Let j be w(3). Let z = 37 - j. What is the greatest common divisor of z and u?
9
Let l = 815 - 723. Calculate the highest common divisor of 184 and l.
92
Let r(b) = -3*b + 23. Let q be r(7). Suppose -q*f + 7*f = 20. Calculate the greatest common divisor of 4 and f.
4
Let t(s) = 10*s**2 - 10*s + 13. Let u be t(4). What is the highest common factor of 38 and u?
19
Let m = 870 - 857. Let y(b) be the third derivative of b**6/30 - b**5/60 - b**3/3 + 2*b**2. Let z be y(2). What is the highest common divisor of z and m?
13
Suppose i - 4 = -5*p + 35, p + 91 = 5*i. Let r = i - 22. Let y be 1 + 0/(r + 7). What is the highest common factor of 8 and y?
1
Suppose r - 5*r + 260 = 0. Suppose 2*v - 62 = -5*m - 2*v, -5*v + r = 5*m. Let a be ((-30)/8)/(2/(-8)). What is the greatest common divisor of a and m?
5
Suppose 7*g - 6*g - 3 = 0. Suppose -b = 4*b - 3*r - 591, g*b + r = 363. Calculate the greatest common factor of b and 24.
24
Let q = -529 - -799. Calculate the greatest common divisor of 20 and q.
10
Suppose 4*o - 4*z = 12, o + 2*z = -0*o + 15. Suppose 35 = 16*d - 301. Calculate the greatest common divisor of d and o.
7
Let y be (23/(-8) - 32/256) + 528. What is the highest common factor of 735 and y?
105
Let n(c) = 3*c - 2 - c**2 + 0 + 4*c + 3*c. Let h be n(4). Suppose -w - h = -2*w. Calculate the highest common factor of 176 and w.
22
Let p(w) = w**2 - 3*w - 34. Let u be p(-11). Suppose -5*t + 4*a = -108, 0*t + t - 22 = a. Calculate the highest common divisor of t and u.
20
Suppose 21*j = -47*j + 2856. What is the greatest common divisor of j and 6?
6
Let u(d) = -d**3 + 7*d**2 + 98*d + 12. Let n be u(14). Calculate the highest common factor of 732 and n.
12
Suppose 0 = -8*g + 4*g + 88. Calculate the highest common factor of g and 22.
22
Suppose 0 = -4*p - 14 + 34. Suppose -2*v - y = -p, 0 = 3*v - 5*y + 18 + 7. Suppose 3*d - d - 14 = v. What is the greatest common factor of 28 and d?
7
Let j = 269 - 13. Calculate the greatest common divisor of j and 8.
8
Let z = -97 + 158. Suppose 10*v - 181 = -z. Calculate the greatest common divisor of v and 8.
4
Suppose 0*n = 2*q - 3*n - 16, 4*n = -q + 30. Let g = q - 8. Let v(w) = -w**3 - 4*w**2 - 4*w + 2. Let c be v(-4). What is the greatest common divisor of g and c?
6
Let c be (-4144)/(-189) - (-8)/108. Let t be ((-4)/6)/(8/(-132)). Calculate the greatest common divisor of t and c.
11
Let q(l) = -l**3 - 4*l**2 - 52*l - 15. Let k be q(-5). Calculate the greatest common divisor of k and 432.
54
Let x be (3/9)/((-5)/1245). Let f = -75 - x. What is the greatest common divisor of f and 4?
4
Let y(s) = 2*s**2 + 6*s + 76. Let i be y(10). Calculate the highest common factor of 63 and i.
21
Let x be 27 - 4/((-32)/(-56)). Calculate the greatest common divisor of x and 1060.
20
Suppose 0 = -7*q + 2*q + 5, -2*q = b - 128. Suppose z - 1 + 4 = 0, 3*m - 3*z = 0. Let i be m/6 + (-58)/(-4). What is the greatest common divisor of b and i?
14
Let a(z) = z**2 + 7*z - 18. Let q be a(-9). Let f be 7 + (2 - q) + 2 + -1. Calculate the highest common factor of f and 90.
10
Let v be (2 - -8)/1*22/4. Calculate the greatest common divisor of 5 and v.
5
Suppose 70*y - 22*y - 50544 = 0. Calculate the greatest common factor of y and 13.
13
Let c = -109 - -161. Calculate the greatest common factor of c and 39.
13
Let i(u) = 8*u**2 + 26*u - 97. Let l be i(3). Calculate the highest common factor of l and 371.
53
Suppose 5*c = 370 - 45. Suppose -23*r + 19*r = -16. Suppose r*y = 93 + 11. What is the highest common divisor of y and c?
13
Suppose 0